d by 115.
110
Calculate the remainder when 1791 is divided by 138.
135
Calculate the remainder when 21 is divided by 16.
5
What is the remainder when 439 is divided by 55?
54
Calculate the remainder when 8490 is divided by 193.
191
What is the remainder when 1749 is divided by 26?
7
Calculate the remainder when 14627 is divided by 31.
26
Calculate the remainder when 8544 is divided by 83.
78
Calculate the remainder when 1102 is divided by 23.
21
What is the remainder when 152 is divided by 82?
70
Calculate the remainder when 2702 is divided by 197.
141
Calculate the remainder when 877 is divided by 874.
3
What is the remainder when 315 is divided by 53?
50
Calculate the remainder when 1580 is divided by 51.
50
What is the remainder when 123 is divided by 14?
11
Calculate the remainder when 19 is divided by 7.
5
Calculate the remainder when 273 is divided by 138.
135
Calculate the remainder when 707 is divided by 6.
5
Calculate the remainder when 146 is divided by 10.
6
Calculate the remainder when 231 is divided by 79.
73
Calculate the remainder when 280 is divided by 56.
0
What is the remainder when 279 is divided by 77?
48
What is the remainder when 1412 is divided by 205?
182
Calculate the remainder when 193 is divided by 65.
63
What is the remainder when 250 is divided by 3?
1
Calculate the remainder when 32 is divided by 17.
15
What is the remainder when 47 is divided by 12?
11
Calculate the remainder when 509 is divided by 32.
29
What is the remainder when 212 is divided by 2?
0
What is the remainder when 28 is divided by 4?
0
Calculate the remainder when 4911 is divided by 126.
123
Calculate the remainder when 13990 is divided by 159.
157
What is the remainder when 1827 is divided by 77?
56
What is the remainder when 5206 is divided by 21?
19
What is the remainder when 59 is divided by 29?
1
What is the remainder when 467 is divided by 6?
5
Calculate the remainder when 333 is divided by 12.
9
Calculate the remainder when 2545 is divided by 35.
25
Calculate the remainder when 239 is divided by 20.
19
What is the remainder when 1422 is divided by 7?
1
Calculate the remainder when 1474 is divided by 139.
84
Calculate the remainder when 319 is divided by 32.
31
Calculate the remainder when 918 is divided by 2.
0
Calculate the remainder when 95 is divided by 16.
15
Calculate the remainder when 108 is divided by 7.
3
What is the remainder when 4355 is divided by 112?
99
Calculate the remainder when 933 is divided by 153.
15
Calculate the remainder when 1327 is divided by 38.
35
What is the remainder when 257 is divided by 89?
79
What is the remainder when 180 is divided by 61?
58
What is the remainder when 204 is divided by 30?
24
Calculate the remainder when 61 is divided by 4.
1
Calculate the remainder when 111 is divided by 16.
15
What is the remainder when 980 is divided by 318?
26
What is the remainder when 26 is divided by 10?
6
Calculate the remainder when 203 is divided by 34.
33
Calculate the remainder when 158 is divided by 54.
50
What is the remainder when 1927 is divided by 22?
13
Calculate the remainder when 31 is divided by 8.
7
What is the remainder when 51 is divided by 3?
0
What is the remainder when 647 is divided by 11?
9
Calculate the remainder when 305 is divided by 24.
17
Calculate the remainder when 19 is divided by 3.
1
What is the remainder when 303 is divided by 11?
6
Calculate the remainder when 5502 is divided by 86.
84
What is the remainder when 4672 is divided by 82?
80
Calculate the remainder when 18709 is divided by 77.
75
Calculate the remainder when 362 is divided by 28.
26
What is the remainder when 247 is divided by 50?
47
What is the remainder when 45783 is divided by 26?
23
What is the remainder when 81 is divided by 65?
16
What is the remainder when 133 is divided by 38?
19
What is the remainder when 1040 is divided by 71?
46
Calculate the remainder when 118 is divided by 3.
1
Calculate the remainder when 765 is divided by 59.
57
What is the remainder when 173 is divided by 68?
37
What is the remainder when 271 is divided by 69?
64
Calculate the remainder when 930 is divided by 131.
13
What is the remainder when 327 is divided by 30?
27
Calculate the remainder when 1968 is divided by 73.
70
What is the remainder when 56 is divided by 32?
24
What is the remainder when 151 is divided by 26?
21
Calculate the remainder when 4230 is divided by 46.
44
Calculate the remainder when 24 is divided by 8.
0
Calculate the remainder when 835 is divided by 9.
7
Calculate the remainder when 1859 is divided by 60.
59
Calculate the remainder when 183 is divided by 48.
39
Calculate the remainder when 117 is divided by 12.
9
Calculate the remainder when 171 is divided by 11.
6
Calculate the remainder when 404 is divided by 202.
0
Calculate the remainder when 1227 is divided by 103.
94
What is the remainder when 165 is divided by 25?
15
Calculate the remainder when 568 is divided by 95.
93
What is the remainder when 537 is divided by 18?
15
Calculate the remainder when 19947 is divided by 114.
111
What is the remainder when 19065 is divided by 149?
142
Calculate the remainder when 3214 is divided by 41.
16
Calculate the remainder when 296 is divided by 13.
10
Calculate the remainder when 480 is divided by 22.
18
What is the remainder when 292 is divided by 144?
4
Calculate the remainder when 1014 is divided by 20.
14
What is the remainder when 2459 is divided by 23?
21
What is the remainder when 15 is divided by 1?
0
What is the remainder when 624 is divided by 125?
124
Calculate the remainder when 971 is divided by 42.
5
Calculate the remainder when 2231 is divided by 1112.
7
Calculate the remainder when 191 is divided by 36.
11
What is the remainder when 1557 is divided by 13?
10
What is the remainder when 293 is divided by 50?
43
Calculate the remainder when 2401 is divided by 89.
87
What is the remainder when 3517 is divided by 55?
52
Calculate the remainder when 1957 is divided by 28.
25
What is the remainder when 31 is divided by 19?
12
Calculate the remainder when 115 is divided by 44.
27
Calculate the remainder when 3490 is divided by 92.
86
Calculate the remainder when 5650 is divided by 257.
253
Calculate the remainder when 1226 is divided by 398.
32
What is the remainder when 401 is divided by 389?
12
What is the remainder when 198 is divided by 121?
77
What is the remainder when 160 is divided by 22?
6
Calculate the remainder when 349 is divided by 18.
7
Calculate the remainder when 11 is divided by 7.
4
What is the remainder when 5780 is divided by 49?
47
Calculate the remainder when 5797 is divided by 26.
25
What is the remainder when 405 is divided by 17?
14
What is the remainder when 19991 is divided by 12?
11
Calculate the remainder when 512 is divided by 50.
12
What is the remainder when 922 is divided by 33?
31
Calculate the remainder when 46 is divided by 30.
16
What is the remainder when 79 is divided by 20?
19
What is the remainder when 266 is divided by 70?
56
Calculate the remainder when 214 is divided by 110.
104
What is the remainder when 6082 is divided by 77?
76
Calculate the remainder when 53 is divided by 8.
5
What is the remainder when 360 is divided by 19?
18
What is the remainder when 244 is divided by 83?
78
Calculate the remainder when 5458 is divided by 21.
19
Calculate the remainder when 6 is divided by 6.
0
What is the remainder when 1582 is divided by 1577?
5
What is the remainder when 293 is divided by 37?
34
Calculate the remainder when 2848 is divided by 37.
36
Calculate the remainder when 1888 is divided by 6.
4
What is the remainder when 110 is divided by 47?
16
What is the remainder when 348 is divided by 39?
36
Calculate the remainder when 17 is divided by 3.
2
Calculate the remainder when 84 is divided by 68.
16
Calculate the remainder when 141 is divided by 75.
66
What is the remainder when 14556 is divided by 251?
249
Calculate the remainder when 55 is divided by 46.
9
What is the remainder when 16339 is divided by 190?
189
Calculate the remainder when 393 is divided by 44.
41
Calculate the remainder when 167 is divided by 117.
50
What is the remainder when 7249 is divided by 74?
71
What is the remainder when 237 is divided by 140?
97
Calculate the remainder when 4703 is 